{"id":864,"date":"2024-07-12T13:09:51","date_gmt":"2024-07-12T13:09:51","guid":{"rendered":"https:\/\/insaneumatica.com\/?post_type=product&#038;p=864"},"modified":"2024-08-01T17:58:21","modified_gmt":"2024-08-01T17:58:21","slug":"filtro-regulador-y-lubricador","status":"publish","type":"product","link":"https:\/\/insaneumatica.com\/index.php\/producto\/filtro-regulador-y-lubricador\/","title":{"rendered":"Filtro regulador y lubricador."},"content":{"rendered":"<p><span style=\"font-weight: 400\">Regulador de Aire con manometro con protecci\u00f3n met\u00e1lica para la trampa de agua y el lubricador<br \/>\n<\/span><span style=\"font-weight: 400\">El F.R.L o filtro regulador lubricador es un equipo para el tratamiento del aire comprimido.<br \/>\n<\/span><span style=\"font-weight: 400\">Su funci\u00f3n es filtrar el aire comprimido, luego regular la presi\u00f3n de trabajo del aire y por \u00faltimo lubricar este caudal de aire para el funcionamiento \u00f3ptimo de las herramientas neum\u00e1ticas de los equipos anexados a los F.R.L.<br \/>\n<\/span><span style=\"font-weight: 400\">Regula la presi\u00f3n de 0 a 150 psi<br \/>\n<\/span><span style=\"font-weight: 400\">Filtra part\u00edculas y humedad<br \/>\n<\/span><span style=\"font-weight: 400\">Lubrica autom\u00e1ticamente la herramienta<\/span><\/p>\n","protected":false},"excerpt":{"rendered":"<p><span style=\"font-weight: 400\">Regulador de Aire con manometro con protecci\u00f3n met\u00e1lica para la trampa de agua y el lubricador<br \/>\n<\/span><span style=\"font-weight: 400\">El F.R.L o filtro regulador lubricador es un equipo para el tratamiento del aire comprimido.<br \/>\n<\/span><span style=\"font-weight: 400\">Su funci\u00f3n es filtrar el aire comprimido, luego regular la presi\u00f3n de trabajo del aire y por \u00faltimo lubricar este caudal de aire para el funcionamiento \u00f3ptimo de las herramientas neum\u00e1ticas de los equipos anexados a los F.R.L.<br \/>\n<\/span><span style=\"font-weight: 400\">Regula la presi\u00f3n de 0 a 150 psi<br \/>\n<\/span><span style=\"font-weight: 400\">Filtra part\u00edculas y humedad<br \/>\n<\/span><span style=\"font-weight: 400\">Lubrica autom\u00e1ticamente la herramienta<\/span><\/p>\n","protected":false},"featured_media":852,"comment_status":"closed","ping_status":"closed","template":"","meta":{"_et_pb_use_builder":"","_et_pb_old_content":"","_et_gb_content_width":""},"product_cat":[46],"product_tag":[],"class_list":{"0":"post-864","1":"product","2":"type-product","3":"status-publish","4":"has-post-thumbnail","6":"product_cat-insumos-varios","8":"first","9":"instock","10":"shipping-taxable","11":"product-type-simple"},"_links":{"self":[{"href":"https:\/\/insaneumatica.com\/index.php\/wp-json\/wp\/v2\/product\/864","targetHints":{"allow":["GET"]}}],"collection":[{"href":"https:\/\/insaneumatica.com\/index.php\/wp-json\/wp\/v2\/product"}],"about":[{"href":"https:\/\/insaneumatica.com\/index.php\/wp-json\/wp\/v2\/types\/product"}],"replies":[{"embeddable":true,"href":"https:\/\/insaneumatica.com\/index.php\/wp-json\/wp\/v2\/comments?post=864"}],"wp:featuredmedia":[{"embeddable":true,"href":"https:\/\/insaneumatica.com\/index.php\/wp-json\/wp\/v2\/media\/852"}],"wp:attachment":[{"href":"https:\/\/insaneumatica.com\/index.php\/wp-json\/wp\/v2\/media?parent=864"}],"wp:term":[{"taxonomy":"product_cat","embeddable":true,"href":"https:\/\/insaneumatica.com\/index.php\/wp-json\/wp\/v2\/product_cat?post=864"},{"taxonomy":"product_tag","embeddable":true,"href":"https:\/\/insaneumatica.com\/index.php\/wp-json\/wp\/v2\/product_tag?post=864"}],"curies":[{"name":"wp","href":"https:\/\/api.w.org\/{rel}","templated":true}]}}