{"id":706,"date":"2024-06-26T19:00:36","date_gmt":"2024-06-26T19:00:36","guid":{"rendered":"https:\/\/insaneumatica.com\/?post_type=product&#038;p=706"},"modified":"2024-08-01T19:22:31","modified_gmt":"2024-08-01T19:22:31","slug":"cp6613-atc-pack-llave-de-torque-controlado","status":"publish","type":"product","link":"https:\/\/insaneumatica.com\/index.php\/producto\/cp6613-atc-pack-llave-de-torque-controlado\/","title":{"rendered":"CP6613 + ATC PACK &#8211; LLAVE DE TORQUE CONTROLADO"},"content":{"rendered":"<p><span style=\"font-weight: 400\">Esta llave de torque controlado est\u00e1 dise\u00f1ada para aplicaciones pesadas tanto en interiores como en exteriores. El paquete ATC consta de un soporte de FRL de acero tubular, f\u00e1cil de transportar y que ofrece gran flexibilidad al garantizar la presi\u00f3n de aire correcta para las herramientas neum\u00e1ticas, y una unidad FRL de Chicago Pneumatic &#8211; filtro, regulador y lubricador &#8211; que asegura que sus herramientas funcionen con un rendimiento optimizado, reduciendo el tiempo de inactividad y aumentando la productividad. Cuenta con un man\u00f3metro digital, flexible de conexi\u00f3n y su tabla de calibraci\u00f3n presion\/torque. Ideal para carrocer\u00edas de camiones, eje de camiones, v\u00e1lvulas, llaves petroleras y aplicaciones que requieran un toque +- 5% de tolerancia.<\/span><\/p>\n<p><span style=\"font-weight: 400\">Dimensiones: <\/span><span style=\"font-weight: 400\">56.7 x 18.2 x 29.4 cm<\/span><span style=\"font-weight: 400\"><br \/>\n<\/span><span style=\"font-weight: 400\">Tama\u00f1o de la unidad de salida (pulg): 3\/4<\/span> <span style=\"font-weight: 400\"><br \/>\n<\/span><span style=\"font-weight: 400\">Presi\u00f3n de sonido: 90 dB(A)<br \/>\n<\/span><span style=\"font-weight: 400\">Peso: 3.7 kg<\/span><span style=\"font-weight: 400\"><br \/>\n<\/span><span style=\"font-weight: 400\">Torque m\u00e1ximo de avance: 1300 Nm<\/span><\/p>\n","protected":false},"excerpt":{"rendered":"<p><span style=\"font-weight: 400\">Esta llave de torque controlado est\u00e1 dise\u00f1ada para aplicaciones pesadas tanto en interiores como en exteriores. El paquete ATC consta de un soporte de FRL de acero tubular, f\u00e1cil de transportar y que ofrece gran flexibilidad al garantizar la presi\u00f3n de aire correcta para las herramientas neum\u00e1ticas, y una unidad FRL de Chicago Pneumatic &#8211; filtro, regulador y lubricador &#8211; que asegura que sus herramientas funcionen con un rendimiento optimizado, reduciendo el tiempo de inactividad y aumentando la productividad. Cuenta con un man\u00f3metro digital, flexible de conexi\u00f3n y su tabla de calibraci\u00f3n presion\/torque. Ideal para carrocer\u00edas de camiones, eje de camiones, v\u00e1lvulas, llaves petroleras y aplicaciones que requieran un toque +- 5% de tolerancia.<\/span><\/p>\n<p><span style=\"font-weight: 400\">Dimensiones: <\/span><span style=\"font-weight: 400\">56.7 x 18.2 x 29.4 cm<\/span><span style=\"font-weight: 400\"><br \/>\n<\/span><span style=\"font-weight: 400\">Tama\u00f1o de la unidad de salida (pulg): 3\/4<\/span> <span style=\"font-weight: 400\"><br \/>\n<\/span><span style=\"font-weight: 400\">Presi\u00f3n de sonido: 90 dB(A)<br \/>\n<\/span><span style=\"font-weight: 400\">Peso: 3.7 kg<\/span><span style=\"font-weight: 400\"><br \/>\n<\/span><span style=\"font-weight: 400\">Torque m\u00e1ximo de avance: 1300 Nm<\/span><\/p>\n","protected":false},"featured_media":707,"comment_status":"closed","ping_status":"closed","template":"","meta":{"_et_pb_use_builder":"","_et_pb_old_content":"","_et_gb_content_width":""},"product_cat":[28],"product_tag":[37],"class_list":{"0":"post-706","1":"product","2":"type-product","3":"status-publish","4":"has-post-thumbnail","6":"product_cat-herramientas-neumaticas","7":"product_tag-chicago-pneumatic","9":"first","10":"instock","11":"shipping-taxable","12":"product-type-simple"},"_links":{"self":[{"href":"https:\/\/insaneumatica.com\/index.php\/wp-json\/wp\/v2\/product\/706","targetHints":{"allow":["GET"]}}],"collection":[{"href":"https:\/\/insaneumatica.com\/index.php\/wp-json\/wp\/v2\/product"}],"about":[{"href":"https:\/\/insaneumatica.com\/index.php\/wp-json\/wp\/v2\/types\/product"}],"replies":[{"embeddable":true,"href":"https:\/\/insaneumatica.com\/index.php\/wp-json\/wp\/v2\/comments?post=706"}],"wp:featuredmedia":[{"embeddable":true,"href":"https:\/\/insaneumatica.com\/index.php\/wp-json\/wp\/v2\/media\/707"}],"wp:attachment":[{"href":"https:\/\/insaneumatica.com\/index.php\/wp-json\/wp\/v2\/media?parent=706"}],"wp:term":[{"taxonomy":"product_cat","embeddable":true,"href":"https:\/\/insaneumatica.com\/index.php\/wp-json\/wp\/v2\/product_cat?post=706"},{"taxonomy":"product_tag","embeddable":true,"href":"https:\/\/insaneumatica.com\/index.php\/wp-json\/wp\/v2\/product_tag?post=706"}],"curies":[{"name":"wp","href":"https:\/\/api.w.org\/{rel}","templated":true}]}}