{"id":477,"date":"2024-06-03T14:46:27","date_gmt":"2024-06-03T14:46:27","guid":{"rendered":"https:\/\/insaneumatica.com\/?post_type=product&#038;p=477"},"modified":"2024-08-02T11:18:08","modified_gmt":"2024-08-02T11:18:08","slug":"cp873-raspadoras-de-neumaticos","status":"publish","type":"product","link":"https:\/\/insaneumatica.com\/index.php\/producto\/cp873-raspadoras-de-neumaticos\/","title":{"rendered":"CP873 &#8211; Raspadoras de neum\u00e1ticos"},"content":{"rendered":"<p><span style=\"font-weight: 400\">Para los operadores que trabajan en talleres de neum\u00e1ticos que realizan reparaciones de neum\u00e1ticos y buscan raspadoras de neum\u00e1ticos de baja velocidad, la serie CP873 es la raspadora de neum\u00e1ticos de baja velocidad que necesitan.<\/span><span style=\"font-weight: 400\"><br \/>\n<\/span><span style=\"font-weight: 400\">Velocidad en vac\u00edo: 2800 rpm<\/span><span style=\"font-weight: 400\"><br \/>\n<\/span><span style=\"font-weight: 400\">Potencia: 370 W<\/span><span style=\"font-weight: 400\"><br \/>\n<\/span><span style=\"font-weight: 400\">Peso Neto: 1.02 Kg<\/span><span style=\"font-weight: 400\"><br \/>\n<\/span><span style=\"font-weight: 400\">Largo: 210 mm<\/span><span style=\"font-weight: 400\"><br \/>\n<\/span><span style=\"font-weight: 400\">Porta puntas\/ disco: 11 mm<\/span><span style=\"font-weight: 400\"><br \/>\n<\/span><span style=\"font-weight: 400\">Consumo de aire: 1.5 l\/seg.<\/span><span style=\"font-weight: 400\"><br \/>\n<\/span><span style=\"font-weight: 400\">Di\u00e1metro m\u00ednimo de manguera 10mm<\/span><span style=\"font-weight: 400\"><br \/>\n<\/span><\/p>\n","protected":false},"excerpt":{"rendered":"<p><span style=\"font-weight: 400\">Para los operadores que trabajan en talleres de neum\u00e1ticos que realizan reparaciones de neum\u00e1ticos y buscan raspadoras de neum\u00e1ticos de baja velocidad, la serie CP873 es la raspadora de neum\u00e1ticos de baja velocidad que necesitan.<\/span><span style=\"font-weight: 400\"><br \/>\n<\/span><span style=\"font-weight: 400\">Velocidad en vac\u00edo: 2800 rpm<\/span><span style=\"font-weight: 400\"><br \/>\n<\/span><span style=\"font-weight: 400\">Potencia: 370 W<\/span><span style=\"font-weight: 400\"><br \/>\n<\/span><span style=\"font-weight: 400\">Peso Neto: 1.02 Kg<\/span><span style=\"font-weight: 400\"><br \/>\n<\/span><span style=\"font-weight: 400\">Largo: 210 mm<\/span><span style=\"font-weight: 400\"><br \/>\n<\/span><span style=\"font-weight: 400\">Porta puntas\/ disco: 11 mm<\/span><span style=\"font-weight: 400\"><br \/>\n<\/span><span style=\"font-weight: 400\">Consumo de aire: 1.5 l\/seg<\/span><span style=\"font-weight: 400\"><br \/>\n<\/span><span style=\"font-weight: 400\">Di\u00e1metro m\u00ednimo de manguera 10mm<\/span><\/p>\n","protected":false},"featured_media":478,"comment_status":"closed","ping_status":"closed","template":"","meta":{"_et_pb_use_builder":"","_et_pb_old_content":"","_et_gb_content_width":""},"product_cat":[28],"product_tag":[],"class_list":{"0":"post-477","1":"product","2":"type-product","3":"status-publish","4":"has-post-thumbnail","6":"product_cat-herramientas-neumaticas","8":"first","9":"instock","10":"shipping-taxable","11":"product-type-simple"},"_links":{"self":[{"href":"https:\/\/insaneumatica.com\/index.php\/wp-json\/wp\/v2\/product\/477","targetHints":{"allow":["GET"]}}],"collection":[{"href":"https:\/\/insaneumatica.com\/index.php\/wp-json\/wp\/v2\/product"}],"about":[{"href":"https:\/\/insaneumatica.com\/index.php\/wp-json\/wp\/v2\/types\/product"}],"replies":[{"embeddable":true,"href":"https:\/\/insaneumatica.com\/index.php\/wp-json\/wp\/v2\/comments?post=477"}],"wp:featuredmedia":[{"embeddable":true,"href":"https:\/\/insaneumatica.com\/index.php\/wp-json\/wp\/v2\/media\/478"}],"wp:attachment":[{"href":"https:\/\/insaneumatica.com\/index.php\/wp-json\/wp\/v2\/media?parent=477"}],"wp:term":[{"taxonomy":"product_cat","embeddable":true,"href":"https:\/\/insaneumatica.com\/index.php\/wp-json\/wp\/v2\/product_cat?post=477"},{"taxonomy":"product_tag","embeddable":true,"href":"https:\/\/insaneumatica.com\/index.php\/wp-json\/wp\/v2\/product_tag?post=477"}],"curies":[{"name":"wp","href":"https:\/\/api.w.org\/{rel}","templated":true}]}}