{"id":475,"date":"2024-06-03T14:36:24","date_gmt":"2024-06-03T14:36:24","guid":{"rendered":"https:\/\/insaneumatica.com\/?post_type=product&#038;p=475"},"modified":"2024-08-02T16:21:36","modified_gmt":"2024-08-02T16:21:36","slug":"cp-7200-lijadora-orbital","status":"publish","type":"product","link":"https:\/\/insaneumatica.com\/index.php\/producto\/cp-7200-lijadora-orbital\/","title":{"rendered":"CP7200 &#8211; Lijadora orbital"},"content":{"rendered":"<p><span style=\"font-weight: 400\">Para los operadores que trabajan en aplicaciones de talleres de carrocer\u00eda, como la preparaci\u00f3n de superficies, que buscan herramientas compactas y livianas, la serie CP7200 es la lijadora orbital aleatoria neum\u00e1tica que necesita.<br \/>\n<\/span><span style=\"font-weight: 400\">Di\u00e1metro m\u00edn. de manguera: 0.38 in<br \/>\n<\/span><span style=\"font-weight: 400\">Longitud (L): 117 mm<br \/>\n<\/span><span style=\"font-weight: 400\">Tama\u00f1o de \u00f3rbita (mm): 2.5<br \/>\n<\/span><span style=\"font-weight: 400\">Velocidad libre: 15000 rpm<br \/>\n<\/span><span style=\"font-weight: 400\">Peso: 0.68 kg<\/span><\/p>\n","protected":false},"excerpt":{"rendered":"<p><span style=\"font-weight: 400\">Para los operadores que trabajan en aplicaciones de talleres de carrocer\u00eda, como la preparaci\u00f3n de superficies, que buscan herramientas compactas y livianas, la serie CP7200 es la lijadora orbital aleatoria neum\u00e1tica que necesita.<br \/>\n<\/span><span style=\"font-weight: 400\">Di\u00e1metro m\u00edn. de manguera: 0.38 in<br \/>\n<\/span><span style=\"font-weight: 400\">Longitud (L): 117 mm<br \/>\n<\/span><span style=\"font-weight: 400\">Tama\u00f1o de \u00f3rbita (mm): 2.5<br \/>\n<\/span><span style=\"font-weight: 400\">Velocidad libre: 15000 rpm<br \/>\n<\/span><span style=\"font-weight: 400\">Peso: 0.68 kg<\/span><\/p>\n","protected":false},"featured_media":476,"comment_status":"closed","ping_status":"closed","template":"","meta":{"_et_pb_use_builder":"","_et_pb_old_content":"","_et_gb_content_width":""},"product_cat":[28],"product_tag":[37],"class_list":{"0":"post-475","1":"product","2":"type-product","3":"status-publish","4":"has-post-thumbnail","6":"product_cat-herramientas-neumaticas","7":"product_tag-chicago-pneumatic","9":"first","10":"instock","11":"shipping-taxable","12":"product-type-simple"},"_links":{"self":[{"href":"https:\/\/insaneumatica.com\/index.php\/wp-json\/wp\/v2\/product\/475","targetHints":{"allow":["GET"]}}],"collection":[{"href":"https:\/\/insaneumatica.com\/index.php\/wp-json\/wp\/v2\/product"}],"about":[{"href":"https:\/\/insaneumatica.com\/index.php\/wp-json\/wp\/v2\/types\/product"}],"replies":[{"embeddable":true,"href":"https:\/\/insaneumatica.com\/index.php\/wp-json\/wp\/v2\/comments?post=475"}],"wp:featuredmedia":[{"embeddable":true,"href":"https:\/\/insaneumatica.com\/index.php\/wp-json\/wp\/v2\/media\/476"}],"wp:attachment":[{"href":"https:\/\/insaneumatica.com\/index.php\/wp-json\/wp\/v2\/media?parent=475"}],"wp:term":[{"taxonomy":"product_cat","embeddable":true,"href":"https:\/\/insaneumatica.com\/index.php\/wp-json\/wp\/v2\/product_cat?post=475"},{"taxonomy":"product_tag","embeddable":true,"href":"https:\/\/insaneumatica.com\/index.php\/wp-json\/wp\/v2\/product_tag?post=475"}],"curies":[{"name":"wp","href":"https:\/\/api.w.org\/{rel}","templated":true}]}}