{"id":466,"date":"2024-06-03T14:18:44","date_gmt":"2024-06-03T14:18:44","guid":{"rendered":"https:\/\/insaneumatica.com\/?post_type=product&#038;p=466"},"modified":"2024-08-02T11:21:34","modified_gmt":"2024-08-02T11:21:34","slug":"cp876-amoladora-de-pinza","status":"publish","type":"product","link":"https:\/\/insaneumatica.com\/index.php\/producto\/cp876-amoladora-de-pinza\/","title":{"rendered":"CP876 &#8211; Amoladora de pinza"},"content":{"rendered":"<p><span style=\"font-weight: 400\">Para los operadores que trabajan en el mantenimiento general y especialmente en espacios reducidos que buscan una herramienta compacta, la serie CP876 es la amoladora que necesita.<br \/>\n<\/span><span style=\"font-weight: 400\">Di\u00e1metro m\u00edn. de manguera: 0.38 in<br \/>\n<\/span><span style=\"font-weight: 400\">Presi\u00f3n m\u00e1x. de trabajo de aire din\u00e1mico: 6.3 bar<br \/>\n<\/span><span style=\"font-weight: 400\">Peso: 0.34 kg<br \/>\n<\/span><span style=\"font-weight: 400\">Longitud (L): 121 mm<br \/>\n<\/span><span style=\"font-weight: 400\">Potencia m\u00e1x.: 220 W<\/span><\/p>\n","protected":false},"excerpt":{"rendered":"<p><span style=\"font-weight: 400\">Para los operadores que trabajan en el mantenimiento general y especialmente en espacios reducidos que buscan una herramienta compacta, la serie CP876 es la amoladora que necesita.<br \/>\n<\/span><span style=\"font-weight: 400\">Di\u00e1metro m\u00edn. de manguera: 0.38 in<br \/>\n<\/span><span style=\"font-weight: 400\">Presi\u00f3n m\u00e1x. de trabajo de aire din\u00e1mico: 6.3 bar<br \/>\n<\/span><span style=\"font-weight: 400\">Peso: 0.34 kg<br \/>\n<\/span><span style=\"font-weight: 400\">Longitud (L): 121 mm<br \/>\n<\/span><span style=\"font-weight: 400\">Potencia m\u00e1x.: 220 W<\/span><\/p>\n","protected":false},"featured_media":467,"comment_status":"closed","ping_status":"closed","template":"","meta":{"_et_pb_use_builder":"","_et_pb_old_content":"","_et_gb_content_width":""},"product_cat":[28],"product_tag":[],"class_list":{"0":"post-466","1":"product","2":"type-product","3":"status-publish","4":"has-post-thumbnail","6":"product_cat-herramientas-neumaticas","8":"first","9":"instock","10":"shipping-taxable","11":"product-type-simple"},"_links":{"self":[{"href":"https:\/\/insaneumatica.com\/index.php\/wp-json\/wp\/v2\/product\/466","targetHints":{"allow":["GET"]}}],"collection":[{"href":"https:\/\/insaneumatica.com\/index.php\/wp-json\/wp\/v2\/product"}],"about":[{"href":"https:\/\/insaneumatica.com\/index.php\/wp-json\/wp\/v2\/types\/product"}],"replies":[{"embeddable":true,"href":"https:\/\/insaneumatica.com\/index.php\/wp-json\/wp\/v2\/comments?post=466"}],"wp:featuredmedia":[{"embeddable":true,"href":"https:\/\/insaneumatica.com\/index.php\/wp-json\/wp\/v2\/media\/467"}],"wp:attachment":[{"href":"https:\/\/insaneumatica.com\/index.php\/wp-json\/wp\/v2\/media?parent=466"}],"wp:term":[{"taxonomy":"product_cat","embeddable":true,"href":"https:\/\/insaneumatica.com\/index.php\/wp-json\/wp\/v2\/product_cat?post=466"},{"taxonomy":"product_tag","embeddable":true,"href":"https:\/\/insaneumatica.com\/index.php\/wp-json\/wp\/v2\/product_tag?post=466"}],"curies":[{"name":"wp","href":"https:\/\/api.w.org\/{rel}","templated":true}]}}