{"id":462,"date":"2024-05-31T19:29:29","date_gmt":"2024-05-31T19:29:29","guid":{"rendered":"https:\/\/insaneumatica.com\/?post_type=product&#038;p=462"},"modified":"2024-08-02T11:24:19","modified_gmt":"2024-08-02T11:24:19","slug":"cp-7225e-lijadora-orbital","status":"publish","type":"product","link":"https:\/\/insaneumatica.com\/index.php\/producto\/cp-7225e-lijadora-orbital\/","title":{"rendered":"CP 7225E &#8211; Lijadora orbital"},"content":{"rendered":"<p><span style=\"font-weight: 400\">Dise\u00f1ada para aplicaciones de talleres de carrocer\u00eda como lijado final, acabado y procesos de prepulido, esta serie de lijadoras orbitales neum\u00e1ticas de 3&#8243; (75 mm)\/6&#8243; (150 mm) (\u00f3rbita de 3\/32&#8243; &#8211; 2,5 mm) ofrece eficiencia con su potencia de 0,3 hp (210 W) y gran comodidad con su forma de palma en empu\u00f1adura suave.<br \/>\n<\/span><span style=\"font-weight: 400\">Tama\u00f1o de \u00f3rbita (pulg.): 3\/32<br \/>\n<\/span><span style=\"font-weight: 400\">Di\u00e1metro m\u00edn. de manguera: 0.38 in<br \/>\n<\/span><span style=\"font-weight: 400\">Longitud (L): 185 mm<br \/>\n<\/span><span style=\"font-weight: 400\">Velocidad libre: 12000 rpm<br \/>\n<\/span><span style=\"font-weight: 400\">Peso: 0.79 kg<\/span><\/p>\n","protected":false},"excerpt":{"rendered":"<p><span style=\"font-weight: 400\">Dise\u00f1ada para aplicaciones de talleres de carrocer\u00eda como lijado final, acabado y procesos de prepulido, esta serie de lijadoras orbitales neum\u00e1ticas de 3&#8243; (75 mm)\/6&#8243; (150 mm) (\u00f3rbita de 3\/32&#8243; &#8211; 2,5 mm) ofrece eficiencia con su potencia de 0,3 hp (210 W) y gran comodidad con su forma de palma en empu\u00f1adura suave.<br \/>\n<\/span><span style=\"font-weight: 400\">Tama\u00f1o de \u00f3rbita (pulg.): 3\/32<br \/>\n<\/span><span style=\"font-weight: 400\">Di\u00e1metro m\u00edn. de manguera: 0.38 in<br \/>\n<\/span><span style=\"font-weight: 400\">Longitud (L): 185 mm<br \/>\n<\/span><span style=\"font-weight: 400\">Velocidad libre: 12000 rpm<br \/>\n<\/span><span style=\"font-weight: 400\">Peso: 0.79 kg<\/span><\/p>\n","protected":false},"featured_media":463,"comment_status":"closed","ping_status":"closed","template":"","meta":{"_et_pb_use_builder":"","_et_pb_old_content":"","_et_gb_content_width":""},"product_cat":[28],"product_tag":[],"class_list":{"0":"post-462","1":"product","2":"type-product","3":"status-publish","4":"has-post-thumbnail","6":"product_cat-herramientas-neumaticas","8":"first","9":"instock","10":"shipping-taxable","11":"product-type-simple"},"_links":{"self":[{"href":"https:\/\/insaneumatica.com\/index.php\/wp-json\/wp\/v2\/product\/462","targetHints":{"allow":["GET"]}}],"collection":[{"href":"https:\/\/insaneumatica.com\/index.php\/wp-json\/wp\/v2\/product"}],"about":[{"href":"https:\/\/insaneumatica.com\/index.php\/wp-json\/wp\/v2\/types\/product"}],"replies":[{"embeddable":true,"href":"https:\/\/insaneumatica.com\/index.php\/wp-json\/wp\/v2\/comments?post=462"}],"wp:featuredmedia":[{"embeddable":true,"href":"https:\/\/insaneumatica.com\/index.php\/wp-json\/wp\/v2\/media\/463"}],"wp:attachment":[{"href":"https:\/\/insaneumatica.com\/index.php\/wp-json\/wp\/v2\/media?parent=462"}],"wp:term":[{"taxonomy":"product_cat","embeddable":true,"href":"https:\/\/insaneumatica.com\/index.php\/wp-json\/wp\/v2\/product_cat?post=462"},{"taxonomy":"product_tag","embeddable":true,"href":"https:\/\/insaneumatica.com\/index.php\/wp-json\/wp\/v2\/product_tag?post=462"}],"curies":[{"name":"wp","href":"https:\/\/api.w.org\/{rel}","templated":true}]}}